What is the thousands digit of 100399534?
9
What is the millions digit of 118552517?
8
What is the ten millions digit of 212447233?
1
What is the ten thousands digit of 1053801744?
0
What is the ten millions digit of 2568595601?
6
What is the tens digit of 182220213?
1
What is the hundred thousands digit of 3708577?
7
What is the hundreds digit of 81601969?
9
What is the ten millions digit of 148378191?
4
What is the thousands digit of 13429240?
9
What is the units digit of 222059092?
2
What is the ten thousands digit of 1874686369?
8
What is the ten thousands digit of 196520439?
2
What is the thousands digit of 43474356?
4
What is the thousands digit of 139224036?
4
What is the millions digit of 403117303?
3
What is the hundreds digit of 35189695?
6
What is the millions digit of 1196513348?
6
What is the units digit of 355396852?
2
What is the ten millions digit of 104450975?
0
What is the hundred millions digit of 6626687524?
6
What is the tens digit of 975564515?
1
What is the hundred thousands digit of 1310303430?
3
What is the units digit of 709633051?
1
What is the thousands digit of 2108149640?
9
What is the units digit of 1054877939?
9
What is the thousands digit of 22301960?
1
What is the units digit of 50803480?
0
What is the hundred thousands digit of 5365877297?
8
What is the millions digit of 79152183?
9
What is the units digit of 1512002010?
0
What is the hundred thousands digit of 2125602136?
6
What is the hundred millions digit of 159821599?
1
What is the ten thousands digit of 16761908?
6
What is the hundred thousands digit of 2402982859?
9
What is the thousands digit of 267648206?
8
What is the hundreds digit of 32196253?
2
What is the millions digit of 3892990110?
2
What is the thousands digit of 578332485?
2
What is the ten millions digit of 554890410?
5
What is the hundreds digit of 610111175?
1
What is the billions digit of 1490249432?
1
What is the units digit of 116181476?
6
What is the millions digit of 121310506?
1
What is the thousands digit of 128250776?
0
What is the tens digit of 234161297?
9
What is the ten millions digit of 299802282?
9
What is the millions digit of 311742909?
1
What is the hundred millions digit of 1146043391?
1
What is the ten thousands digit of 63427382?
2
What is the millions digit of 14761656?
4
What is the millions digit of 95317804?
5
What is the tens digit of 43123801?
0
What is the hundreds digit of 67036890?
8
What is the billions digit of 6151381903?
6
What is the hundred thousands digit of 2403552620?
5
What is the units digit of 839519292?
2
What is the tens digit of 67570842?
4
What is the units digit of 169805228?
8
What is the millions digit of 676214971?
6
What is the units digit of 9666365?
5
What is the thousands digit of 1859764773?
4
What is the ten millions digit of 393225564?
9
What is the hundred thousands digit of 41132045?
1
What is the hundred thousands digit of 2849654957?
6
What is the hundreds digit of 26079164?
1
What is the tens digit of 297060715?
1
What is the ten thousands digit of 45716432?
1
What is the billions digit of 1959682232?
1
What is the hundred thousands digit of 96354848?
3
What is the hundreds digit of 37743753?
7
What is the millions digit of 1053080562?
3
What is the ten thousands digit of 921443?
2
What is the billions digit of 1188104634?
1
What is the hundreds digit of 1643928251?
2
What is the ten thousands digit of 3861359736?
5
What is the hundred thousands digit of 536395270?
3
What is the tens digit of 30592677?
7
What is the ten thousands digit of 600721244?
2
What is the hundred millions digit of 117013864?
1
What is the hundreds digit of 137764020?
0
What is the ten thousands digit of 1054012319?
1
What is the ten thousands digit of 24120138?
2
What is the hundred thousands digit of 764415085?
4
What is the thousands digit of 551430038?
0
What is the ten millions digit of 12901416?
1
What is the units digit of 71220323?
3
What is the hundreds digit of 64519083?
0
What is the hundred millions digit of 222643385?
2
What is the units digit of 153904397?
7
What is the hundred thousands digit of 5357612097?
6
What is the thousands digit of 91426725?
6
What is the units digit of 574806689?
9
What is the thousands digit of 43643804?
3
What is the tens digit of 173370307?
0
What is the billions digit of 1944505878?
1
What is the hundred millions digit of 456996016?
4
What is the hundred thousands digit of 169317736?
3
What is the units digit of 50979699?
9
What is the tens digit of 585614335?
3
What is the hundred thousands digit of 1899577693?
5
What is the hundreds digit of 813669075?
0
What is the hundred thousands digit of 26261249?
2
What is the hundreds digit of 4014367026?
0
What is the hundred thousands digit of 1404495887?
4
What is the millions digit of 4686046?
4
What is the billions digit of 5249654825?
5
What is the thousands digit of 178457730?
7
What is the thousands digit of 109327954?
7
What is the hundred thousands digit of 108964971?
9
What is the thousands digit of 137074592?
4
What is the millions digit of 4663282829?
3
What is the ten millions digit of 1129836175?
2
What is the thousands digit of 1468244708?
4
What is the thousands digit of 44695972?
5
What is the units digit of 770659531?
1
What is the millions digit of 126841985?
6
What is the billions digit of 1575092275?
1
What is the hundred millions digit of 201621444?
2
What is the units digit of 23378089?
9
What is the millions digit of 270116164?
0
What is the tens digit of 796184602?
0
What is the millions digit of 6183743588?
3
What is the thousands digit of 1979102934?
2
What is the hundred millions digit of 181588311?
1
What is the ten thousands digit of 96691383?
9
What is the units digit of 18141671?
1
What is the millions digit of 20339632?
0
What is the millions digit of 3728067101?
8
What is the units digit of 61483754?
4
What is the hundred thousands digit of 415851103?
8
What is the ten thousands digit of 3797315190?
1
What is the ten thousands digit of 587595437?
9
What is the hundreds digit of 5561384769?
7
What is the hundred thousands digit of 21112675?
1
What is the tens digit of 231960397?
9
What is the tens digit of 12074139?
3
What is the thousands digit of 43028818?
8
What is the units digit of 723870120?
0
What is the hundreds digit of 981599043?
0
What is the hundreds digit of 364424124?
1
What is the hundreds digit of 692225832?
8
What is the ten thousands digit of 1382552532?
5
What is the hundreds digit of 34721256?
2
What is the units digit of 27524947?
7
What is the millions digit of 125642347?
5
What is the hundred thousands digit of 366168890?
1
What is the ten millions digit of 321857967?
2
What is the hundred thousands digit of 865327017?
3
What is the hundred thousands digit of 299158811?
1
What is the billions digit of 2190678057?
2
What is the hundred thousands digit of 244579237?
5
What is the ten millions digit of 1762250007?
6
What is the hundred thousands digit of 50652805?
6
What is the tens digit of 3427756?
5
What is the thousands digit of 82444849?
4
What is the hundred millions digit of 5199115975?
1
What is the tens digit of 846282118?
1
What is the hundreds digit of 36381131?
1
What is the units digit of 2361980329?
9
What is the hundreds digit of 21093271?
2
What is the hundreds digit of 162053170?
1
What is the ten thousands digit of 8345287?
4
What is the ten millions digit of 108455282?
0
What is the hundred thousands digit of 175227193?
2
What is the millions digit of 1808624815?
8
What is the hundred thousands digit of 970754162?
7
What is the hundreds digit of 1134273924?
9
What is the hundred thousands digit of 769027868?
0
What is the tens digit of 60879609?
0
What is the hundred thousands digit of 77202272?
2
What is the hundred millions digit of 1080535986?
0
What is the tens digit of 2598085037?
3
What is the hundreds digit of 37615260?
2
What is the tens digit of 265026209?
0
What is the tens digit of 987716994?
9
What is the thousands digit of 17576455?
6
What is the hundreds digit of 667861763?
7
What is the hundreds digit of 42233709?
7
What is the hundred thousands digit of 3239612580?
6
What is the billions digit of 1199417305?
1
What is the ten thousands digit of 3032529911?
2
What is the units